{"id":917,"date":"2018-06-19T07:42:24","date_gmt":"2018-06-19T07:42:24","guid":{"rendered":"http:\/\/valerievaubourg.com\/?page_id=917"},"modified":"2026-03-15T16:20:56","modified_gmt":"2026-03-15T16:20:56","slug":"amnesie-collective","status":"publish","type":"page","link":"https:\/\/valerievaubourg.com\/","title":{"rendered":"Actualit\u00e9s"},"content":{"rendered":"\n<p>Apr\u00e8s la pluie, haut de France. 3 peintures de 60 x 120 cm. Huile sur papier maroufl\u00e9 sur ch\u00e2ssis. mars 2026<\/p>\n\n\n\n<figure class=\"wp-block-image size-large\"><a href=\"https:\/\/valerievaubourg.com\/wp-content\/uploads\/2026\/03\/apres-la-pluie-triptyque-atelier.jpg\"><img loading=\"lazy\" decoding=\"async\" width=\"1024\" height=\"711\" src=\"https:\/\/valerievaubourg.com\/wp-content\/uploads\/2026\/03\/apres-la-pluie-triptyque-atelier-1024x711.jpg\" alt=\"\" class=\"wp-image-1935\" srcset=\"https:\/\/valerievaubourg.com\/wp-content\/uploads\/2026\/03\/apres-la-pluie-triptyque-atelier-1024x711.jpg 1024w, https:\/\/valerievaubourg.com\/wp-content\/uploads\/2026\/03\/apres-la-pluie-triptyque-atelier-300x208.jpg 300w, https:\/\/valerievaubourg.com\/wp-content\/uploads\/2026\/03\/apres-la-pluie-triptyque-atelier-768x533.jpg 768w, https:\/\/valerievaubourg.com\/wp-content\/uploads\/2026\/03\/apres-la-pluie-triptyque-atelier-1536x1066.jpg 1536w, https:\/\/valerievaubourg.com\/wp-content\/uploads\/2026\/03\/apres-la-pluie-triptyque-atelier-2048x1421.jpg 2048w\" sizes=\"(max-width: 767px) 89vw, (max-width: 1000px) 54vw, (max-width: 1071px) 543px, 580px\" \/><\/a><\/figure>\n\n\n\n<h2 class=\"wp-block-heading\">La couleur de l&rsquo;eau. Huile sur papier.  atelier Juillet 2025<\/h2>\n\n\n\n<figure class=\"wp-block-image size-large\"><a href=\"https:\/\/valerievaubourg.com\/wp-content\/uploads\/2026\/03\/atelier-2025-la-couleur-de-leau-scaled.jpg\"><img loading=\"lazy\" decoding=\"async\" width=\"768\" height=\"1024\" src=\"https:\/\/valerievaubourg.com\/wp-content\/uploads\/2026\/03\/atelier-2025-la-couleur-de-leau-768x1024.jpg\" alt=\"\" class=\"wp-image-1936\" srcset=\"https:\/\/valerievaubourg.com\/wp-content\/uploads\/2026\/03\/atelier-2025-la-couleur-de-leau-768x1024.jpg 768w, https:\/\/valerievaubourg.com\/wp-content\/uploads\/2026\/03\/atelier-2025-la-couleur-de-leau-225x300.jpg 225w, https:\/\/valerievaubourg.com\/wp-content\/uploads\/2026\/03\/atelier-2025-la-couleur-de-leau-1152x1536.jpg 1152w, https:\/\/valerievaubourg.com\/wp-content\/uploads\/2026\/03\/atelier-2025-la-couleur-de-leau-1536x2048.jpg 1536w, https:\/\/valerievaubourg.com\/wp-content\/uploads\/2026\/03\/atelier-2025-la-couleur-de-leau-scaled.jpg 1920w\" sizes=\"(max-width: 767px) 89vw, (max-width: 1000px) 54vw, (max-width: 1071px) 543px, 580px\" \/><\/a><figcaption class=\"wp-element-caption\">la couleur de l&rsquo;eau<\/figcaption><\/figure>\n\n\n\n<h2 class=\"wp-block-heading\">Le saut. 150 x 130 cm. Huile sur papier. Juin 2025<\/h2>\n\n\n\n<p><\/p>\n\n\n\n<figure class=\"wp-block-image size-large\"><a href=\"http:\/\/valerievaubourg.com\/wp-content\/uploads\/2025\/07\/20250624_190158-scaled.jpg\"><img loading=\"lazy\" decoding=\"async\" width=\"1024\" height=\"633\" src=\"http:\/\/valerievaubourg.com\/wp-content\/uploads\/2025\/07\/20250624_190158-1024x633.jpg\" alt=\"\" class=\"wp-image-1931\" srcset=\"https:\/\/valerievaubourg.com\/wp-content\/uploads\/2025\/07\/20250624_190158-1024x633.jpg 1024w, https:\/\/valerievaubourg.com\/wp-content\/uploads\/2025\/07\/20250624_190158-300x185.jpg 300w, https:\/\/valerievaubourg.com\/wp-content\/uploads\/2025\/07\/20250624_190158-768x475.jpg 768w, https:\/\/valerievaubourg.com\/wp-content\/uploads\/2025\/07\/20250624_190158-1536x949.jpg 1536w, https:\/\/valerievaubourg.com\/wp-content\/uploads\/2025\/07\/20250624_190158-2048x1266.jpg 2048w\" sizes=\"(max-width: 767px) 89vw, (max-width: 1000px) 54vw, (max-width: 1071px) 543px, 580px\" \/><\/a><\/figure>\n\n\n\n<h2 class=\"wp-block-heading\">Diptyque, huile sur papier. 150 x 160 cm. Atelier Juin 2025<\/h2>\n\n\n\n<figure class=\"wp-block-image size-large\"><a href=\"http:\/\/valerievaubourg.com\/wp-content\/uploads\/2025\/07\/diptyque-1.jpg\"><img loading=\"lazy\" decoding=\"async\" width=\"1024\" height=\"587\" src=\"http:\/\/valerievaubourg.com\/wp-content\/uploads\/2025\/07\/diptyque-1-1024x587.jpg\" alt=\"\" class=\"wp-image-1926\" srcset=\"https:\/\/valerievaubourg.com\/wp-content\/uploads\/2025\/07\/diptyque-1-1024x587.jpg 1024w, https:\/\/valerievaubourg.com\/wp-content\/uploads\/2025\/07\/diptyque-1-300x172.jpg 300w, https:\/\/valerievaubourg.com\/wp-content\/uploads\/2025\/07\/diptyque-1-768x440.jpg 768w, https:\/\/valerievaubourg.com\/wp-content\/uploads\/2025\/07\/diptyque-1-1536x880.jpg 1536w, https:\/\/valerievaubourg.com\/wp-content\/uploads\/2025\/07\/diptyque-1.jpg 2001w\" sizes=\"(max-width: 767px) 89vw, (max-width: 1000px) 54vw, (max-width: 1071px) 543px, 580px\" \/><\/a><\/figure>\n\n\n\n<figure class=\"wp-block-image size-large\"><a href=\"http:\/\/valerievaubourg.com\/wp-content\/uploads\/2025\/07\/20250713_160150.jpg\"><img loading=\"lazy\" decoding=\"async\" width=\"1024\" height=\"1019\" src=\"http:\/\/valerievaubourg.com\/wp-content\/uploads\/2025\/07\/20250713_160150-1024x1019.jpg\" alt=\"\" class=\"wp-image-1929\" srcset=\"https:\/\/valerievaubourg.com\/wp-content\/uploads\/2025\/07\/20250713_160150-1024x1019.jpg 1024w, https:\/\/valerievaubourg.com\/wp-content\/uploads\/2025\/07\/20250713_160150-300x298.jpg 300w, https:\/\/valerievaubourg.com\/wp-content\/uploads\/2025\/07\/20250713_160150-150x150.jpg 150w, https:\/\/valerievaubourg.com\/wp-content\/uploads\/2025\/07\/20250713_160150-768x764.jpg 768w, https:\/\/valerievaubourg.com\/wp-content\/uploads\/2025\/07\/20250713_160150-1536x1528.jpg 1536w, https:\/\/valerievaubourg.com\/wp-content\/uploads\/2025\/07\/20250713_160150-100x100.jpg 100w, https:\/\/valerievaubourg.com\/wp-content\/uploads\/2025\/07\/20250713_160150.jpg 1753w\" sizes=\"(max-width: 767px) 89vw, (max-width: 1000px) 54vw, (max-width: 1071px) 543px, 580px\" \/><\/a><\/figure>\n\n\n\n<h2 class=\"wp-block-heading\"> Les rencontres inopin\u00e9es du dessin. PPGM. RoubaixDiptyque, huile sur papier. 150 x 160 cm. Atelier Juin 2025<\/h2>\n\n\n\n<figure class=\"wp-block-image size-large\"><a href=\"http:\/\/valerievaubourg.com\/wp-content\/uploads\/2024\/08\/pyromanes-scaled.jpg\"><img loading=\"lazy\" decoding=\"async\" width=\"1024\" height=\"467\" src=\"http:\/\/valerievaubourg.com\/wp-content\/uploads\/2024\/08\/pyromanes-1024x467.jpg\" alt=\"\" class=\"wp-image-1810\" srcset=\"https:\/\/valerievaubourg.com\/wp-content\/uploads\/2024\/08\/pyromanes-1024x467.jpg 1024w, https:\/\/valerievaubourg.com\/wp-content\/uploads\/2024\/08\/pyromanes-300x137.jpg 300w, https:\/\/valerievaubourg.com\/wp-content\/uploads\/2024\/08\/pyromanes-768x350.jpg 768w, https:\/\/valerievaubourg.com\/wp-content\/uploads\/2024\/08\/pyromanes-1536x700.jpg 1536w, https:\/\/valerievaubourg.com\/wp-content\/uploads\/2024\/08\/pyromanes-2048x933.jpg 2048w\" sizes=\"(max-width: 767px) 89vw, (max-width: 1000px) 54vw, (max-width: 1071px) 543px, 580px\" \/><\/a><figcaption class=\"wp-element-caption\">Pyromanes, 2024. Mine graphite, peinture \u00e0 l&rsquo;huile recto verso sur papier huil\u00e9<\/figcaption><\/figure>\n\n\n\n<h2 class=\"wp-block-heading\">Etat(s) de nature. Zone de r\u00e9sonance. Mortagne du Nord<\/h2>\n\n\n\n<figure class=\"wp-block-image size-large\"><a href=\"http:\/\/valerievaubourg.com\/wp-content\/uploads\/2024\/08\/etat-de-nature.jpg\"><img loading=\"lazy\" decoding=\"async\" width=\"1024\" height=\"461\" src=\"http:\/\/valerievaubourg.com\/wp-content\/uploads\/2024\/08\/etat-de-nature-1024x461.jpg\" alt=\"\" class=\"wp-image-1902\" srcset=\"https:\/\/valerievaubourg.com\/wp-content\/uploads\/2024\/08\/etat-de-nature-1024x461.jpg 1024w, https:\/\/valerievaubourg.com\/wp-content\/uploads\/2024\/08\/etat-de-nature-300x135.jpg 300w, https:\/\/valerievaubourg.com\/wp-content\/uploads\/2024\/08\/etat-de-nature-768x345.jpg 768w, https:\/\/valerievaubourg.com\/wp-content\/uploads\/2024\/08\/etat-de-nature-1536x691.jpg 1536w, https:\/\/valerievaubourg.com\/wp-content\/uploads\/2024\/08\/etat-de-nature.jpg 1701w\" sizes=\"(max-width: 767px) 89vw, (max-width: 1000px) 54vw, (max-width: 1071px) 543px, 580px\" \/><\/a><figcaption class=\"wp-element-caption\">Etat(s) de nature. <\/figcaption><\/figure>\n\n\n\n<figure class=\"wp-block-image size-large\"><a href=\"http:\/\/valerievaubourg.com\/wp-content\/uploads\/2024\/08\/etats-de-nature-1.jpg\"><img loading=\"lazy\" decoding=\"async\" width=\"1024\" height=\"768\" src=\"http:\/\/valerievaubourg.com\/wp-content\/uploads\/2024\/08\/etats-de-nature-1-1024x768.jpg\" alt=\"\" class=\"wp-image-1904\" srcset=\"https:\/\/valerievaubourg.com\/wp-content\/uploads\/2024\/08\/etats-de-nature-1-1024x768.jpg 1024w, https:\/\/valerievaubourg.com\/wp-content\/uploads\/2024\/08\/etats-de-nature-1-300x225.jpg 300w, https:\/\/valerievaubourg.com\/wp-content\/uploads\/2024\/08\/etats-de-nature-1-768x576.jpg 768w, https:\/\/valerievaubourg.com\/wp-content\/uploads\/2024\/08\/etats-de-nature-1-1536x1152.jpg 1536w, https:\/\/valerievaubourg.com\/wp-content\/uploads\/2024\/08\/etats-de-nature-1.jpg 1701w\" sizes=\"(max-width: 767px) 89vw, (max-width: 1000px) 54vw, (max-width: 1071px) 543px, 580px\" \/><\/a><figcaption class=\"wp-element-caption\">Etat(s) de nature.<\/figcaption><\/figure>\n\n\n\n<figure class=\"wp-block-image size-large\"><a href=\"http:\/\/valerievaubourg.com\/wp-content\/uploads\/2024\/08\/feu-de-foret-scaled.jpg\"><img loading=\"lazy\" decoding=\"async\" width=\"1024\" height=\"582\" src=\"http:\/\/valerievaubourg.com\/wp-content\/uploads\/2024\/08\/feu-de-foret-1024x582.jpg\" alt=\"\" class=\"wp-image-1806\" srcset=\"https:\/\/valerievaubourg.com\/wp-content\/uploads\/2024\/08\/feu-de-foret-1024x582.jpg 1024w, https:\/\/valerievaubourg.com\/wp-content\/uploads\/2024\/08\/feu-de-foret-300x170.jpg 300w, https:\/\/valerievaubourg.com\/wp-content\/uploads\/2024\/08\/feu-de-foret-768x436.jpg 768w, https:\/\/valerievaubourg.com\/wp-content\/uploads\/2024\/08\/feu-de-foret-1536x873.jpg 1536w, https:\/\/valerievaubourg.com\/wp-content\/uploads\/2024\/08\/feu-de-foret-2048x1164.jpg 2048w\" sizes=\"(max-width: 767px) 89vw, (max-width: 1000px) 54vw, (max-width: 1071px) 543px, 580px\" \/><\/a><figcaption class=\"wp-element-caption\">Feu de for\u00eat, 2023. Huile sur papier. 120&#215;80 cm<\/figcaption><\/figure>\n\n\n\n<figure class=\"wp-block-image size-large\"><a href=\"http:\/\/valerievaubourg.com\/wp-content\/uploads\/2024\/08\/feu-fusain-huile.jpg\"><img loading=\"lazy\" decoding=\"async\" width=\"1024\" height=\"768\" src=\"http:\/\/valerievaubourg.com\/wp-content\/uploads\/2024\/08\/feu-fusain-huile-1024x768.jpg\" alt=\"\" class=\"wp-image-1813\" srcset=\"https:\/\/valerievaubourg.com\/wp-content\/uploads\/2024\/08\/feu-fusain-huile-1024x768.jpg 1024w, https:\/\/valerievaubourg.com\/wp-content\/uploads\/2024\/08\/feu-fusain-huile-300x225.jpg 300w, https:\/\/valerievaubourg.com\/wp-content\/uploads\/2024\/08\/feu-fusain-huile-768x576.jpg 768w, https:\/\/valerievaubourg.com\/wp-content\/uploads\/2024\/08\/feu-fusain-huile-1536x1152.jpg 1536w, https:\/\/valerievaubourg.com\/wp-content\/uploads\/2024\/08\/feu-fusain-huile.jpg 1600w\" sizes=\"(max-width: 767px) 89vw, (max-width: 1000px) 54vw, (max-width: 1071px) 543px, 580px\" \/><\/a><figcaption class=\"wp-element-caption\">Feu de for\u00eat, 2023. Fusain, huile de lin, curcuma sur calque hydrofuge<\/figcaption><\/figure>\n\n\n\n<figure class=\"wp-block-image size-large\"><a href=\"http:\/\/valerievaubourg.com\/wp-content\/uploads\/2024\/08\/Canal-de-seclin-scaled.jpg\"><img loading=\"lazy\" decoding=\"async\" width=\"1024\" height=\"646\" src=\"http:\/\/valerievaubourg.com\/wp-content\/uploads\/2024\/08\/Canal-de-seclin-1024x646.jpg\" alt=\"\" class=\"wp-image-1795\" srcset=\"https:\/\/valerievaubourg.com\/wp-content\/uploads\/2024\/08\/Canal-de-seclin-1024x646.jpg 1024w, https:\/\/valerievaubourg.com\/wp-content\/uploads\/2024\/08\/Canal-de-seclin-300x189.jpg 300w, https:\/\/valerievaubourg.com\/wp-content\/uploads\/2024\/08\/Canal-de-seclin-768x485.jpg 768w, https:\/\/valerievaubourg.com\/wp-content\/uploads\/2024\/08\/Canal-de-seclin-1536x969.jpg 1536w, https:\/\/valerievaubourg.com\/wp-content\/uploads\/2024\/08\/Canal-de-seclin-2048x1292.jpg 2048w\" sizes=\"(max-width: 767px) 89vw, (max-width: 1000px) 54vw, (max-width: 1071px) 543px, 580px\" \/><\/a><figcaption class=\"wp-element-caption\">Canal, reflet. 2023. Huile sur papier maroufl\u00e9 sur bois. 160 x 90 cm<\/figcaption><\/figure>\n\n\n\n<figure class=\"wp-block-image size-large\"><a href=\"http:\/\/valerievaubourg.com\/wp-content\/uploads\/2024\/05\/20240226_105049-scaled-e1716550805155.jpg\"><img loading=\"lazy\" decoding=\"async\" width=\"1024\" height=\"788\" src=\"http:\/\/valerievaubourg.com\/wp-content\/uploads\/2024\/05\/20240226_105049-scaled-e1716550805155-1024x788.jpg\" alt=\"Sculpture Exposition \u00e9tat(s) de nature. Mortagne du nord. Haut de france\" class=\"wp-image-1338\" srcset=\"https:\/\/valerievaubourg.com\/wp-content\/uploads\/2024\/05\/20240226_105049-scaled-e1716550805155-1024x788.jpg 1024w, https:\/\/valerievaubourg.com\/wp-content\/uploads\/2024\/05\/20240226_105049-scaled-e1716550805155-300x231.jpg 300w, https:\/\/valerievaubourg.com\/wp-content\/uploads\/2024\/05\/20240226_105049-scaled-e1716550805155-768x591.jpg 768w, https:\/\/valerievaubourg.com\/wp-content\/uploads\/2024\/05\/20240226_105049-scaled-e1716550805155-1536x1182.jpg 1536w, https:\/\/valerievaubourg.com\/wp-content\/uploads\/2024\/05\/20240226_105049-scaled-e1716550805155.jpg 1873w\" sizes=\"(max-width: 767px) 89vw, (max-width: 1000px) 54vw, (max-width: 1071px) 543px, 580px\" \/><\/a><figcaption class=\"wp-element-caption\">Racine de houx \u00e9corc\u00e9e, marbre.<\/figcaption><\/figure>\n\n\n\n<figure class=\"wp-block-image size-large is-resized\"><a href=\"http:\/\/valerievaubourg.com\/wp-content\/uploads\/2024\/08\/enchaine-scaled.jpg\"><img loading=\"lazy\" decoding=\"async\" width=\"516\" height=\"1024\" src=\"http:\/\/valerievaubourg.com\/wp-content\/uploads\/2024\/08\/enchaine-516x1024.jpg\" alt=\"\" class=\"wp-image-1899\" style=\"width:673px;height:auto\" srcset=\"https:\/\/valerievaubourg.com\/wp-content\/uploads\/2024\/08\/enchaine-516x1024.jpg 516w, https:\/\/valerievaubourg.com\/wp-content\/uploads\/2024\/08\/enchaine-151x300.jpg 151w, https:\/\/valerievaubourg.com\/wp-content\/uploads\/2024\/08\/enchaine-768x1525.jpg 768w, https:\/\/valerievaubourg.com\/wp-content\/uploads\/2024\/08\/enchaine-774x1536.jpg 774w, https:\/\/valerievaubourg.com\/wp-content\/uploads\/2024\/08\/enchaine-1032x2048.jpg 1032w, https:\/\/valerievaubourg.com\/wp-content\/uploads\/2024\/08\/enchaine-scaled.jpg 1289w\" sizes=\"(max-width: 516px) 100vw, 516px\" \/><\/a><\/figure>\n\n\n\n<h2 class=\"wp-block-heading\">Carbonif\u00e8re. MDV. Arras<\/h2>\n\n\n\n<figure class=\"wp-block-image size-large\"><a href=\"http:\/\/valerievaubourg.com\/wp-content\/uploads\/2024\/01\/20230922_171619.jpg\"><img loading=\"lazy\" decoding=\"async\" width=\"1024\" height=\"687\" src=\"http:\/\/valerievaubourg.com\/wp-content\/uploads\/2024\/01\/20230922_171619-1024x687.jpg\" alt=\"\" class=\"wp-image-1244\" srcset=\"https:\/\/valerievaubourg.com\/wp-content\/uploads\/2024\/01\/20230922_171619-1024x687.jpg 1024w, https:\/\/valerievaubourg.com\/wp-content\/uploads\/2024\/01\/20230922_171619-300x201.jpg 300w, https:\/\/valerievaubourg.com\/wp-content\/uploads\/2024\/01\/20230922_171619-768x515.jpg 768w\" sizes=\"(max-width: 767px) 89vw, (max-width: 1000px) 54vw, (max-width: 1071px) 543px, 580px\" \/><\/a><figcaption class=\"wp-element-caption\">carbonif\u00e8re, installation, 2023 Bois, \u00e9tain, fusain sur calque hydrofuge<\/figcaption><\/figure>\n\n\n\n<h2 class=\"wp-block-heading\">Galerie Tre A. Mons. Belgique<\/h2>\n\n\n\n<figure class=\"wp-block-image\"><img loading=\"lazy\" decoding=\"async\" width=\"1024\" height=\"768\" src=\"http:\/\/valerievaubourg.com\/wp-content\/uploads\/2023\/02\/lignes-de-force-Bois-ossements-peinture-\u00e9maill\u00e9e.-Out-of-box.-Bruxelles.-2018-1024x768.jpg\" alt=\"\" class=\"wp-image-1224\" srcset=\"https:\/\/valerievaubourg.com\/wp-content\/uploads\/2023\/02\/lignes-de-force-Bois-ossements-peinture-\u00e9maill\u00e9e.-Out-of-box.-Bruxelles.-2018-1024x768.jpg 1024w, https:\/\/valerievaubourg.com\/wp-content\/uploads\/2023\/02\/lignes-de-force-Bois-ossements-peinture-\u00e9maill\u00e9e.-Out-of-box.-Bruxelles.-2018-300x225.jpg 300w, https:\/\/valerievaubourg.com\/wp-content\/uploads\/2023\/02\/lignes-de-force-Bois-ossements-peinture-\u00e9maill\u00e9e.-Out-of-box.-Bruxelles.-2018-768x576.jpg 768w\" sizes=\"(max-width: 767px) 89vw, (max-width: 1000px) 54vw, (max-width: 1071px) 543px, 580px\" \/><figcaption class=\"wp-element-caption\">La th\u00e9orie des noeuds, Bois \u00e9corc\u00e9, cr\u00e2ne de porc, peinture mate noire.<\/figcaption><\/figure>\n\n\n\n<figure class=\"wp-block-image is-resized\"><img loading=\"lazy\" decoding=\"async\" width=\"1024\" height=\"576\" src=\"http:\/\/valerievaubourg.com\/wp-content\/uploads\/2023\/01\/20210527_142400-1024x576.jpg\" alt=\"\" class=\"wp-image-1218\" style=\"width:675px;height:auto\" srcset=\"https:\/\/valerievaubourg.com\/wp-content\/uploads\/2023\/01\/20210527_142400-1024x576.jpg 1024w, https:\/\/valerievaubourg.com\/wp-content\/uploads\/2023\/01\/20210527_142400-300x169.jpg 300w, https:\/\/valerievaubourg.com\/wp-content\/uploads\/2023\/01\/20210527_142400-768x432.jpg 768w\" sizes=\"(max-width: 767px) 89vw, (max-width: 1000px) 54vw, (max-width: 1071px) 543px, 580px\" \/><figcaption class=\"wp-element-caption\">Souffle, feuille de magnolia squelettis\u00e9e, ventilateur. 2022 <\/figcaption><\/figure>\n\n\n\n<figure class=\"wp-block-image size-large\"><a href=\"http:\/\/valerievaubourg.com\/wp-content\/uploads\/2021\/01\/Raccomoder-les-verres-3.jpg\"><img loading=\"lazy\" decoding=\"async\" width=\"912\" height=\"1024\" src=\"http:\/\/valerievaubourg.com\/wp-content\/uploads\/2021\/01\/Raccomoder-les-verres-3-912x1024.jpg\" alt=\"exposition Bons baisers\" class=\"wp-image-1109\" srcset=\"https:\/\/valerievaubourg.com\/wp-content\/uploads\/2021\/01\/Raccomoder-les-verres-3-912x1024.jpg 912w, https:\/\/valerievaubourg.com\/wp-content\/uploads\/2021\/01\/Raccomoder-les-verres-3-267x300.jpg 267w, https:\/\/valerievaubourg.com\/wp-content\/uploads\/2021\/01\/Raccomoder-les-verres-3-768x863.jpg 768w\" sizes=\"(max-width: 767px) 89vw, (max-width: 1000px) 54vw, (max-width: 1071px) 543px, 580px\" \/><\/a><figcaption class=\"wp-element-caption\">Raccommoder les verres, Verre \u00e0 vin, feuille de magnolia squelettis\u00e9e.<\/figcaption><\/figure>\n\n\n\n<h2 class=\"wp-block-heading\">Paysage(s), lieu A. Lille<\/h2>\n\n\n\n<figure class=\"wp-block-image size-large\"><a href=\"http:\/\/valerievaubourg.com\/wp-content\/uploads\/2024\/08\/20240508_181221.jpg\"><img loading=\"lazy\" decoding=\"async\" width=\"763\" height=\"1024\" src=\"http:\/\/valerievaubourg.com\/wp-content\/uploads\/2024\/08\/20240508_181221-763x1024.jpg\" alt=\"\" class=\"wp-image-1793\" srcset=\"https:\/\/valerievaubourg.com\/wp-content\/uploads\/2024\/08\/20240508_181221-763x1024.jpg 763w, https:\/\/valerievaubourg.com\/wp-content\/uploads\/2024\/08\/20240508_181221-224x300.jpg 224w, https:\/\/valerievaubourg.com\/wp-content\/uploads\/2024\/08\/20240508_181221-768x1031.jpg 768w, https:\/\/valerievaubourg.com\/wp-content\/uploads\/2024\/08\/20240508_181221-1144x1536.jpg 1144w, https:\/\/valerievaubourg.com\/wp-content\/uploads\/2024\/08\/20240508_181221-1526x2048.jpg 1526w, https:\/\/valerievaubourg.com\/wp-content\/uploads\/2024\/08\/20240508_181221.jpg 1558w\" sizes=\"(max-width: 706px) 89vw, (max-width: 767px) 82vw, 740px\" \/><\/a><figcaption class=\"wp-element-caption\">Etang, reflet. 2024. Huile sur toile. 2024<\/figcaption><\/figure>\n\n\n\n<figure class=\"wp-block-image size-large\"><a href=\"http:\/\/valerievaubourg.com\/wp-content\/uploads\/2024\/08\/sous-bois-scaled.jpeg\"><img loading=\"lazy\" decoding=\"async\" width=\"721\" height=\"1024\" src=\"http:\/\/valerievaubourg.com\/wp-content\/uploads\/2024\/08\/sous-bois-721x1024.jpeg\" alt=\"\" class=\"wp-image-1805\" srcset=\"https:\/\/valerievaubourg.com\/wp-content\/uploads\/2024\/08\/sous-bois-721x1024.jpeg 721w, https:\/\/valerievaubourg.com\/wp-content\/uploads\/2024\/08\/sous-bois-211x300.jpeg 211w, https:\/\/valerievaubourg.com\/wp-content\/uploads\/2024\/08\/sous-bois-768x1090.jpeg 768w, https:\/\/valerievaubourg.com\/wp-content\/uploads\/2024\/08\/sous-bois-1082x1536.jpeg 1082w, https:\/\/valerievaubourg.com\/wp-content\/uploads\/2024\/08\/sous-bois-1443x2048.jpeg 1443w, https:\/\/valerievaubourg.com\/wp-content\/uploads\/2024\/08\/sous-bois-scaled.jpeg 1803w\" sizes=\"(max-width: 721px) 100vw, 721px\" \/><\/a><figcaption class=\"wp-element-caption\">Sous-bois, Haut de France. 2024. Huile sur toile. 60 x 90 cm<\/figcaption><\/figure>\n\n\n\n<p><\/p>\n","protected":false},"excerpt":{"rendered":"<p>Apr\u00e8s la pluie, haut de France. 3 peintures de 60 x 120 cm. Huile sur papier maroufl\u00e9 sur ch\u00e2ssis. mars 2026 La couleur de l&rsquo;eau. Huile sur papier. atelier Juillet 2025 Le saut. 150 x 130 cm. Huile sur papier. Juin 2025 Diptyque, huile sur papier. 150 x 160 cm. Atelier Juin 2025 Les rencontres &hellip; <\/p>\n<p class=\"link-more\"><a href=\"https:\/\/valerievaubourg.com\/\" class=\"more-link\">Continuer la lecture<span class=\"screen-reader-text\"> de &laquo;&nbsp;Actualit\u00e9s&nbsp;&raquo;<\/span><\/a><\/p>\n","protected":false},"author":1,"featured_media":0,"parent":0,"menu_order":1,"comment_status":"closed","ping_status":"closed","template":"","meta":{"footnotes":""},"_links":{"self":[{"href":"https:\/\/valerievaubourg.com\/index.php?rest_route=\/wp\/v2\/pages\/917"}],"collection":[{"href":"https:\/\/valerievaubourg.com\/index.php?rest_route=\/wp\/v2\/pages"}],"about":[{"href":"https:\/\/valerievaubourg.com\/index.php?rest_route=\/wp\/v2\/types\/page"}],"author":[{"embeddable":true,"href":"https:\/\/valerievaubourg.com\/index.php?rest_route=\/wp\/v2\/users\/1"}],"replies":[{"embeddable":true,"href":"https:\/\/valerievaubourg.com\/index.php?rest_route=%2Fwp%2Fv2%2Fcomments&post=917"}],"version-history":[{"count":50,"href":"https:\/\/valerievaubourg.com\/index.php?rest_route=\/wp\/v2\/pages\/917\/revisions"}],"predecessor-version":[{"id":1937,"href":"https:\/\/valerievaubourg.com\/index.php?rest_route=\/wp\/v2\/pages\/917\/revisions\/1937"}],"wp:attachment":[{"href":"https:\/\/valerievaubourg.com\/index.php?rest_route=%2Fwp%2Fv2%2Fmedia&parent=917"}],"curies":[{"name":"wp","href":"https:\/\/api.w.org\/{rel}","templated":true}]}}