{"id":1624,"date":"2024-06-05T18:06:46","date_gmt":"2024-06-05T18:06:46","guid":{"rendered":"https:\/\/valerievaubourg.com\/?page_id=1624"},"modified":"2024-08-21T06:37:09","modified_gmt":"2024-08-21T06:37:09","slug":"2021-apories","status":"publish","type":"page","link":"https:\/\/valerievaubourg.com\/?page_id=1624","title":{"rendered":"2021 &#8211; Apories."},"content":{"rendered":"\n<p>APORIES le titre de l\u2019exposition choisi par Val\u00e9rie Vaubourg est litt\u00e9ralement une absence de passage, une impasse dans le raisonnement. L\u2019apor\u00e9tique est constitutif : l\u2019impossible ne serait plus l\u2019oppos\u00e9 du possible, mais au contraire ce qui \u2018\u2018hante le possible\u2019\u2019\u202f, ce qui \u2018\u2018peut\u2019\u2019 v\u00e9ritablement dans le possible, ce qui l\u2019ouvre ou le possibilise. L\u2019im-possible est possible, non pas au sens o\u00f9 il deviendrait possible, mais dans le sens plus radical o\u00f9 l\u2019impossible est possible. Les raccommodages [S\u00e9rie 2020] \u2013 En p\u00e9riode de confinement, la disponibilit\u00e9 des mat\u00e9riaux et l\u2019acc\u00e8s \u00e0 un atelier se font plus difficiles. L\u2019artiste Val\u00e9rie Vaubourg s\u2019est ainsi tourn\u00e9e vers ce qu\u2019elle avait sous la main, des verres \u00e0 vin. Compagnons privil\u00e9gi\u00e9s, objets \u00e0 briser ou mati\u00e8re \u00e0 penser, les verres \u00e0 vin et leurs formes vari\u00e9es sont des objets familiers et quotidiens. La fragilit\u00e9 de leur constitution, ou les acc\u00e8s de col\u00e8re des sc\u00e8nes quotidiennes, en font des objets \u00e0 la vie souvent courte. Ils sont artificiels, n\u00e9s de la main de l\u2019homme et distribu\u00e9s en grande quantit\u00e9, mais ne semblent pas arm\u00e9s face au temps. Ils doivent \u00eatre \u00ab raccommod\u00e9s \u00bb. Comme dans un cimeti\u00e8re des objets cass\u00e9s, t\u00e9moins des \u00e9pisodes de vie de chacun, les verres \u00e0 vin de Val\u00e9rie Vaubourg font l\u2019objet de \u00ab raccommodages \u00bb qui compl\u00e8tent, remettent en forme mais n\u2019effacent pas la trace de la blessure. Ici les raccommodages semblent \u00eatre faits avec de la dentelle qui leur donne un aspect encore plus vuln\u00e9rable. De fa\u00e7on po\u00e9tique, les squelettes de feuilles viennent en effet d\u00e9licatement panser les extr\u00e9mit\u00e9s tranchantes du verre. L\u2019aspect lourd, blessant et immuable du verre contraste avec la finesse et la l\u00e9g\u00e8ret\u00e9 de la feuille, d\u00e9j\u00e0 morte et en pleine d\u00e9composition. Le squelette de la feuille nous rend visible l\u2019int\u00e9rieur et la fragilit\u00e9 des tiges qui le supportent. A terme, seul le verre perdurera et sa rencontre avec cet \u00e9l\u00e9ment naturel ne sera qu\u2019un souvenir. La mati\u00e8re organique tend \u00e0 r\u00e9parer, consolider. A la mani\u00e8re de la chrysalide d\u2019un papillon, la mati\u00e8re organique englobe, panse, pour cr\u00e9er la vie et la nouveaut\u00e9.<\/p>\n\n\n\n<figure class=\"wp-block-image size-large\"><a href=\"http:\/\/valerievaubourg.com\/wp-content\/uploads\/2024\/06\/20210527_142026-scaled.jpg\"><img loading=\"lazy\" decoding=\"async\" width=\"1024\" height=\"576\" src=\"http:\/\/valerievaubourg.com\/wp-content\/uploads\/2024\/06\/20210527_142026-1024x576.jpg\" alt=\"\" class=\"wp-image-1672\" srcset=\"https:\/\/valerievaubourg.com\/wp-content\/uploads\/2024\/06\/20210527_142026-1024x576.jpg 1024w, https:\/\/valerievaubourg.com\/wp-content\/uploads\/2024\/06\/20210527_142026-300x169.jpg 300w, https:\/\/valerievaubourg.com\/wp-content\/uploads\/2024\/06\/20210527_142026-768x432.jpg 768w, https:\/\/valerievaubourg.com\/wp-content\/uploads\/2024\/06\/20210527_142026-1536x864.jpg 1536w, https:\/\/valerievaubourg.com\/wp-content\/uploads\/2024\/06\/20210527_142026-2048x1152.jpg 2048w\" sizes=\"(max-width: 767px) 89vw, (max-width: 1000px) 54vw, (max-width: 1071px) 543px, 580px\" \/><\/a><\/figure>\n\n\n\n<figure class=\"wp-block-image size-large\"><a href=\"http:\/\/valerievaubourg.com\/wp-content\/uploads\/2024\/06\/20210527_142550-1-scaled.jpg\"><img decoding=\"async\" src=\"http:\/\/valerievaubourg.com\/wp-content\/uploads\/2024\/06\/20210527_142550-1-1024x613.jpg\" alt=\"Cardere, 2022, Bois noirs, 2022\" class=\"wp-image-1678\"\/><\/a><\/figure>\n\n\n\n<figure class=\"wp-block-image size-large\"><a href=\"http:\/\/valerievaubourg.com\/wp-content\/uploads\/2024\/06\/20210527_161341-scaled.jpg\"><img loading=\"lazy\" decoding=\"async\" width=\"1024\" height=\"576\" src=\"http:\/\/valerievaubourg.com\/wp-content\/uploads\/2024\/06\/20210527_161341-1024x576.jpg\" alt=\"\" class=\"wp-image-1684\" srcset=\"https:\/\/valerievaubourg.com\/wp-content\/uploads\/2024\/06\/20210527_161341-1024x576.jpg 1024w, https:\/\/valerievaubourg.com\/wp-content\/uploads\/2024\/06\/20210527_161341-300x169.jpg 300w, https:\/\/valerievaubourg.com\/wp-content\/uploads\/2024\/06\/20210527_161341-768x432.jpg 768w, https:\/\/valerievaubourg.com\/wp-content\/uploads\/2024\/06\/20210527_161341-1536x864.jpg 1536w, https:\/\/valerievaubourg.com\/wp-content\/uploads\/2024\/06\/20210527_161341-2048x1152.jpg 2048w\" sizes=\"(max-width: 767px) 89vw, (max-width: 1000px) 54vw, (max-width: 1071px) 543px, 580px\" \/><\/a><\/figure>\n\n\n\n<figure class=\"wp-block-image size-large\"><a href=\"http:\/\/valerievaubourg.com\/wp-content\/uploads\/2024\/06\/20210527_142514-scaled.jpg\"><img decoding=\"async\" src=\"http:\/\/valerievaubourg.com\/wp-content\/uploads\/2024\/06\/20210527_142514-1024x566.jpg\" alt=\"\" class=\"wp-image-1677\"\/><\/a><\/figure>\n\n\n\n<figure class=\"wp-block-image size-large is-resized\"><a href=\"http:\/\/valerievaubourg.com\/wp-content\/uploads\/2024\/06\/20210527_142400-scaled.jpg\"><img loading=\"lazy\" decoding=\"async\" width=\"576\" height=\"1024\" src=\"http:\/\/valerievaubourg.com\/wp-content\/uploads\/2024\/06\/20210527_142400-576x1024.jpg\" alt=\"\" class=\"wp-image-1676\" style=\"width:675px;height:auto\" srcset=\"https:\/\/valerievaubourg.com\/wp-content\/uploads\/2024\/06\/20210527_142400-576x1024.jpg 576w, https:\/\/valerievaubourg.com\/wp-content\/uploads\/2024\/06\/20210527_142400-169x300.jpg 169w, https:\/\/valerievaubourg.com\/wp-content\/uploads\/2024\/06\/20210527_142400-768x1365.jpg 768w, https:\/\/valerievaubourg.com\/wp-content\/uploads\/2024\/06\/20210527_142400-864x1536.jpg 864w, https:\/\/valerievaubourg.com\/wp-content\/uploads\/2024\/06\/20210527_142400-1152x2048.jpg 1152w, https:\/\/valerievaubourg.com\/wp-content\/uploads\/2024\/06\/20210527_142400-scaled.jpg 1440w\" sizes=\"(max-width: 576px) 100vw, 576px\" \/><\/a><\/figure>\n\n\n\n<figure class=\"wp-block-image size-large\"><a href=\"http:\/\/valerievaubourg.com\/wp-content\/uploads\/2024\/06\/20210527_142204-scaled.jpg\"><img loading=\"lazy\" decoding=\"async\" width=\"1024\" height=\"576\" src=\"http:\/\/valerievaubourg.com\/wp-content\/uploads\/2024\/06\/20210527_142204-1024x576.jpg\" alt=\"\" class=\"wp-image-1674\" srcset=\"https:\/\/valerievaubourg.com\/wp-content\/uploads\/2024\/06\/20210527_142204-1024x576.jpg 1024w, https:\/\/valerievaubourg.com\/wp-content\/uploads\/2024\/06\/20210527_142204-300x169.jpg 300w, https:\/\/valerievaubourg.com\/wp-content\/uploads\/2024\/06\/20210527_142204-768x432.jpg 768w, https:\/\/valerievaubourg.com\/wp-content\/uploads\/2024\/06\/20210527_142204-1536x864.jpg 1536w, https:\/\/valerievaubourg.com\/wp-content\/uploads\/2024\/06\/20210527_142204-2048x1152.jpg 2048w\" sizes=\"(max-width: 767px) 89vw, (max-width: 1000px) 54vw, (max-width: 1071px) 543px, 580px\" \/><\/a><\/figure>\n\n\n\n<figure class=\"wp-block-image size-large\"><a href=\"http:\/\/valerievaubourg.com\/wp-content\/uploads\/2024\/06\/20210526_172111-1-1.jpg\"><img loading=\"lazy\" decoding=\"async\" width=\"661\" height=\"1024\" src=\"http:\/\/valerievaubourg.com\/wp-content\/uploads\/2024\/06\/20210526_172111-1-1-661x1024.jpg\" alt=\"\" class=\"wp-image-1668\" srcset=\"https:\/\/valerievaubourg.com\/wp-content\/uploads\/2024\/06\/20210526_172111-1-1-661x1024.jpg 661w, https:\/\/valerievaubourg.com\/wp-content\/uploads\/2024\/06\/20210526_172111-1-1-194x300.jpg 194w, https:\/\/valerievaubourg.com\/wp-content\/uploads\/2024\/06\/20210526_172111-1-1-768x1189.jpg 768w, https:\/\/valerievaubourg.com\/wp-content\/uploads\/2024\/06\/20210526_172111-1-1-992x1536.jpg 992w, https:\/\/valerievaubourg.com\/wp-content\/uploads\/2024\/06\/20210526_172111-1-1-1322x2048.jpg 1322w, https:\/\/valerievaubourg.com\/wp-content\/uploads\/2024\/06\/20210526_172111-1-1.jpg 1624w\" sizes=\"(max-width: 661px) 100vw, 661px\" \/><\/a><\/figure>\n\n\n\n<figure class=\"wp-block-image size-large is-resized\"><a href=\"http:\/\/valerievaubourg.com\/wp-content\/uploads\/2024\/06\/20210526_124529-scaled.jpg\"><img loading=\"lazy\" decoding=\"async\" width=\"576\" height=\"1024\" src=\"http:\/\/valerievaubourg.com\/wp-content\/uploads\/2024\/06\/20210526_124529-576x1024.jpg\" alt=\"\" class=\"wp-image-1662\" style=\"width:662px;height:auto\" srcset=\"https:\/\/valerievaubourg.com\/wp-content\/uploads\/2024\/06\/20210526_124529-576x1024.jpg 576w, https:\/\/valerievaubourg.com\/wp-content\/uploads\/2024\/06\/20210526_124529-169x300.jpg 169w, https:\/\/valerievaubourg.com\/wp-content\/uploads\/2024\/06\/20210526_124529-768x1365.jpg 768w, https:\/\/valerievaubourg.com\/wp-content\/uploads\/2024\/06\/20210526_124529-864x1536.jpg 864w, https:\/\/valerievaubourg.com\/wp-content\/uploads\/2024\/06\/20210526_124529-1152x2048.jpg 1152w, https:\/\/valerievaubourg.com\/wp-content\/uploads\/2024\/06\/20210526_124529-scaled.jpg 1440w\" sizes=\"(max-width: 576px) 100vw, 576px\" \/><\/a><\/figure>\n\n\n","protected":false},"excerpt":{"rendered":"<p>APORIES le titre de l\u2019exposition choisi par Val\u00e9rie Vaubourg est litt\u00e9ralement une absence de passage, une impasse dans le raisonnement. L\u2019apor\u00e9tique est constitutif : l\u2019impossible ne serait plus l\u2019oppos\u00e9 du possible, mais au contraire ce qui \u2018\u2018hante le possible\u2019\u2019\u202f, ce qui \u2018\u2018peut\u2019\u2019 v\u00e9ritablement dans le possible, ce qui l\u2019ouvre ou le possibilise. L\u2019im-possible est possible, &hellip; <\/p>\n<p class=\"link-more\"><a href=\"https:\/\/valerievaubourg.com\/?page_id=1624\" class=\"more-link\">Continuer la lecture<span class=\"screen-reader-text\"> de &laquo;&nbsp;2021 &#8211; Apories.&nbsp;&raquo;<\/span><\/a><\/p>\n","protected":false},"author":1,"featured_media":0,"parent":0,"menu_order":0,"comment_status":"closed","ping_status":"closed","template":"","meta":{"footnotes":""},"_links":{"self":[{"href":"https:\/\/valerievaubourg.com\/index.php?rest_route=\/wp\/v2\/pages\/1624"}],"collection":[{"href":"https:\/\/valerievaubourg.com\/index.php?rest_route=\/wp\/v2\/pages"}],"about":[{"href":"https:\/\/valerievaubourg.com\/index.php?rest_route=\/wp\/v2\/types\/page"}],"author":[{"embeddable":true,"href":"https:\/\/valerievaubourg.com\/index.php?rest_route=\/wp\/v2\/users\/1"}],"replies":[{"embeddable":true,"href":"https:\/\/valerievaubourg.com\/index.php?rest_route=%2Fwp%2Fv2%2Fcomments&post=1624"}],"version-history":[{"count":6,"href":"https:\/\/valerievaubourg.com\/index.php?rest_route=\/wp\/v2\/pages\/1624\/revisions"}],"predecessor-version":[{"id":1847,"href":"https:\/\/valerievaubourg.com\/index.php?rest_route=\/wp\/v2\/pages\/1624\/revisions\/1847"}],"wp:attachment":[{"href":"https:\/\/valerievaubourg.com\/index.php?rest_route=%2Fwp%2Fv2%2Fmedia&parent=1624"}],"curies":[{"name":"wp","href":"https:\/\/api.w.org\/{rel}","templated":true}]}}

<p>APORIES le titre de l’exposition choisi par Valérie Vaubourg est littéralement une absence de passage, une impasse dans le raisonnement. L’aporétique est constitutif : l’impossible ne serait plus l’opposé du possible, mais au contraire ce qui ‘‘hante le possible’’ , ce qui ‘‘peut’’ véritablement dans le possible, ce qui l’ouvre ou le possibilise. L’im-possible est possible, non pas au sens où il deviendrait possible, mais dans le sens plus radical où l’impossible est possible. Les raccommodages [Série 2020] – En période de confinement, la disponibilité des matériaux et l’accès à un atelier se font plus difficiles. L’artiste Valérie Vaubourg s’est ainsi tournée vers ce qu’elle avait sous la main, des verres à vin. Compagnons privilégiés, objets à briser ou matière à penser, les verres à vin et leurs formes variées sont des objets familiers et quotidiens. La fragilité de leur constitution, ou les accès de colère des scènes quotidiennes, en font des objets à la vie souvent courte. Ils sont artificiels, nés de la main de l’homme et distribués en grande quantité, mais ne semblent pas armés face au temps. Ils doivent être « raccommodés ». Comme dans un cimetière des objets cassés, témoins des épisodes de vie de chacun, les verres à vin de Valérie Vaubourg font l’objet de « raccommodages » qui complètent, remettent en forme mais n’effacent pas la trace de la blessure. Ici les raccommodages semblent être faits avec de la dentelle qui leur donne un aspect encore plus vulnérable. De façon poétique, les squelettes de feuilles viennent en effet délicatement panser les extrémités tranchantes du verre. L’aspect lourd, blessant et immuable du verre contraste avec la finesse et la légèreté de la feuille, déjà morte et en pleine décomposition. Le squelette de la feuille nous rend visible l’intérieur et la fragilité des tiges qui le supportent. A terme, seul le verre perdurera et sa rencontre avec cet élément naturel ne sera qu’un souvenir. La matière organique tend à réparer, consolider. A la manière de la chrysalide d’un papillon, la matière organique englobe, panse, pour créer la vie et la nouveauté.</p>



<figure class="wp-block-image size-large"><a href="http://valerievaubourg.com/wp-content/uploads/2024/06/20210527_142026-scaled.jpg"><img loading="lazy" decoding="async" width="1024" height="576" src="http://valerievaubourg.com/wp-content/uploads/2024/06/20210527_142026-1024x576.jpg" alt="" class="wp-image-1672" srcset="https://valerievaubourg.com/wp-content/uploads/2024/06/20210527_142026-1024x576.jpg 1024w, https://valerievaubourg.com/wp-content/uploads/2024/06/20210527_142026-300x169.jpg 300w, https://valerievaubourg.com/wp-content/uploads/2024/06/20210527_142026-768x432.jpg 768w, https://valerievaubourg.com/wp-content/uploads/2024/06/20210527_142026-1536x864.jpg 1536w, https://valerievaubourg.com/wp-content/uploads/2024/06/20210527_142026-2048x1152.jpg 2048w" sizes="(max-width: 767px) 89vw, (max-width: 1000px) 54vw, (max-width: 1071px) 543px, 580px" /></a></figure>



<figure class="wp-block-image size-large"><a href="http://valerievaubourg.com/wp-content/uploads/2024/06/20210527_142550-1-scaled.jpg"><img decoding="async" src="http://valerievaubourg.com/wp-content/uploads/2024/06/20210527_142550-1-1024x613.jpg" alt="Cardere, 2022, Bois noirs, 2022" class="wp-image-1678"/></a></figure>



<figure class="wp-block-image size-large"><a href="http://valerievaubourg.com/wp-content/uploads/2024/06/20210527_161341-scaled.jpg"><img loading="lazy" decoding="async" width="1024" height="576" src="http://valerievaubourg.com/wp-content/uploads/2024/06/20210527_161341-1024x576.jpg" alt="" class="wp-image-1684" srcset="https://valerievaubourg.com/wp-content/uploads/2024/06/20210527_161341-1024x576.jpg 1024w, https://valerievaubourg.com/wp-content/uploads/2024/06/20210527_161341-300x169.jpg 300w, https://valerievaubourg.com/wp-content/uploads/2024/06/20210527_161341-768x432.jpg 768w, https://valerievaubourg.com/wp-content/uploads/2024/06/20210527_161341-1536x864.jpg 1536w, https://valerievaubourg.com/wp-content/uploads/2024/06/20210527_161341-2048x1152.jpg 2048w" sizes="(max-width: 767px) 89vw, (max-width: 1000px) 54vw, (max-width: 1071px) 543px, 580px" /></a></figure>



<figure class="wp-block-image size-large"><a href="http://valerievaubourg.com/wp-content/uploads/2024/06/20210527_142514-scaled.jpg"><img decoding="async" src="http://valerievaubourg.com/wp-content/uploads/2024/06/20210527_142514-1024x566.jpg" alt="" class="wp-image-1677"/></a></figure>



<figure class="wp-block-image size-large is-resized"><a href="http://valerievaubourg.com/wp-content/uploads/2024/06/20210527_142400-scaled.jpg"><img loading="lazy" decoding="async" width="576" height="1024" src="http://valerievaubourg.com/wp-content/uploads/2024/06/20210527_142400-576x1024.jpg" alt="" class="wp-image-1676" style="width:675px;height:auto" srcset="https://valerievaubourg.com/wp-content/uploads/2024/06/20210527_142400-576x1024.jpg 576w, https://valerievaubourg.com/wp-content/uploads/2024/06/20210527_142400-169x300.jpg 169w, https://valerievaubourg.com/wp-content/uploads/2024/06/20210527_142400-768x1365.jpg 768w, https://valerievaubourg.com/wp-content/uploads/2024/06/20210527_142400-864x1536.jpg 864w, https://valerievaubourg.com/wp-content/uploads/2024/06/20210527_142400-1152x2048.jpg 1152w, https://valerievaubourg.com/wp-content/uploads/2024/06/20210527_142400-scaled.jpg 1440w" sizes="(max-width: 576px) 100vw, 576px" /></a></figure>



<figure class="wp-block-image size-large"><a href="http://valerievaubourg.com/wp-content/uploads/2024/06/20210527_142204-scaled.jpg"><img loading="lazy" decoding="async" width="1024" height="576" src="http://valerievaubourg.com/wp-content/uploads/2024/06/20210527_142204-1024x576.jpg" alt="" class="wp-image-1674" srcset="https://valerievaubourg.com/wp-content/uploads/2024/06/20210527_142204-1024x576.jpg 1024w, https://valerievaubourg.com/wp-content/uploads/2024/06/20210527_142204-300x169.jpg 300w, https://valerievaubourg.com/wp-content/uploads/2024/06/20210527_142204-768x432.jpg 768w, https://valerievaubourg.com/wp-content/uploads/2024/06/20210527_142204-1536x864.jpg 1536w, https://valerievaubourg.com/wp-content/uploads/2024/06/20210527_142204-2048x1152.jpg 2048w" sizes="(max-width: 767px) 89vw, (max-width: 1000px) 54vw, (max-width: 1071px) 543px, 580px" /></a></figure>



<figure class="wp-block-image size-large"><a href="http://valerievaubourg.com/wp-content/uploads/2024/06/20210526_172111-1-1.jpg"><img loading="lazy" decoding="async" width="661" height="1024" src="http://valerievaubourg.com/wp-content/uploads/2024/06/20210526_172111-1-1-661x1024.jpg" alt="" class="wp-image-1668" srcset="https://valerievaubourg.com/wp-content/uploads/2024/06/20210526_172111-1-1-661x1024.jpg 661w, https://valerievaubourg.com/wp-content/uploads/2024/06/20210526_172111-1-1-194x300.jpg 194w, https://valerievaubourg.com/wp-content/uploads/2024/06/20210526_172111-1-1-768x1189.jpg 768w, https://valerievaubourg.com/wp-content/uploads/2024/06/20210526_172111-1-1-992x1536.jpg 992w, https://valerievaubourg.com/wp-content/uploads/2024/06/20210526_172111-1-1-1322x2048.jpg 1322w, https://valerievaubourg.com/wp-content/uploads/2024/06/20210526_172111-1-1.jpg 1624w" sizes="(max-width: 661px) 100vw, 661px" /></a></figure>



<figure class="wp-block-image size-large is-resized"><a href="http://valerievaubourg.com/wp-content/uploads/2024/06/20210526_124529-scaled.jpg"><img loading="lazy" decoding="async" width="576" height="1024" src="http://valerievaubourg.com/wp-content/uploads/2024/06/20210526_124529-576x1024.jpg" alt="" class="wp-image-1662" style="width:662px;height:auto" srcset="https://valerievaubourg.com/wp-content/uploads/2024/06/20210526_124529-576x1024.jpg 576w, https://valerievaubourg.com/wp-content/uploads/2024/06/20210526_124529-169x300.jpg 169w, https://valerievaubourg.com/wp-content/uploads/2024/06/20210526_124529-768x1365.jpg 768w, https://valerievaubourg.com/wp-content/uploads/2024/06/20210526_124529-864x1536.jpg 864w, https://valerievaubourg.com/wp-content/uploads/2024/06/20210526_124529-1152x2048.jpg 1152w, https://valerievaubourg.com/wp-content/uploads/2024/06/20210526_124529-scaled.jpg 1440w" sizes="(max-width: 576px) 100vw, 576px" /></a></figure>

<p>APORIES le titre de l’exposition choisi par Valérie Vaubourg est littéralement une absence de passage, une impasse dans le raisonnement. L’aporétique est constitutif : l’impossible ne serait plus l’opposé du possible, mais au contraire ce qui ‘‘hante le possible’’ , ce qui ‘‘peut’’ véritablement dans le possible, ce qui l’ouvre ou le possibilise. L’im-possible est possible, &hellip; </p>
<p class="link-more"><a href="https://valerievaubourg.com/?page_id=1624" class="more-link">Continuer la lecture<span class="screen-reader-text"> de &laquo;&nbsp;2021 &#8211; Apories.&nbsp;&raquo;</span></a></p>
