{"id":1471,"date":"2024-05-14T14:02:27","date_gmt":"2024-05-14T14:02:27","guid":{"rendered":"https:\/\/valerievaubourg.com\/?page_id=1471"},"modified":"2024-05-30T15:06:31","modified_gmt":"2024-05-30T15:06:31","slug":"textes","status":"publish","type":"page","link":"https:\/\/valerievaubourg.com\/?page_id=1471","title":{"rendered":"Dossier \u00e0 t\u00e9l\u00e9charger"},"content":{"rendered":"\n<p><a href=\"https:\/\/docs.google.com\/presentation\/d\/e\/2PACX-1vSP-vS6kkJCToTYZafIDcvXlRbZ96ejENXlPAygRq_XR6-Qpyna5e9mIcH22GNjvZRh9y92c2mv5ME-\/pub?start=false&amp;loop=true&amp;delayms=3000\">https:\/\/docs.google.com\/presentation\/d\/e\/2PACX-1vSP-vS6kkJCToTYZafIDcvXlRbZ96ejENXlPAygRq_XR6-Qpyna5e9mIcH22GNjvZRh9y92c2mv5ME-\/pub?start=false&amp;loop=true&amp;delayms=3000<\/a><\/p>\n","protected":false},"excerpt":{"rendered":"<p>https:\/\/docs.google.com\/presentation\/d\/e\/2PACX-1vSP-vS6kkJCToTYZafIDcvXlRbZ96ejENXlPAygRq_XR6-Qpyna5e9mIcH22GNjvZRh9y92c2mv5ME-\/pub?start=false&amp;loop=true&amp;delayms=3000<\/p>\n","protected":false},"author":1,"featured_media":0,"parent":0,"menu_order":0,"comment_status":"closed","ping_status":"closed","template":"","meta":{"footnotes":""},"_links":{"self":[{"href":"https:\/\/valerievaubourg.com\/index.php?rest_route=\/wp\/v2\/pages\/1471"}],"collection":[{"href":"https:\/\/valerievaubourg.com\/index.php?rest_route=\/wp\/v2\/pages"}],"about":[{"href":"https:\/\/valerievaubourg.com\/index.php?rest_route=\/wp\/v2\/types\/page"}],"author":[{"embeddable":true,"href":"https:\/\/valerievaubourg.com\/index.php?rest_route=\/wp\/v2\/users\/1"}],"replies":[{"embeddable":true,"href":"https:\/\/valerievaubourg.com\/index.php?rest_route=%2Fwp%2Fv2%2Fcomments&post=1471"}],"version-history":[{"count":3,"href":"https:\/\/valerievaubourg.com\/index.php?rest_route=\/wp\/v2\/pages\/1471\/revisions"}],"predecessor-version":[{"id":1557,"href":"https:\/\/valerievaubourg.com\/index.php?rest_route=\/wp\/v2\/pages\/1471\/revisions\/1557"}],"wp:attachment":[{"href":"https:\/\/valerievaubourg.com\/index.php?rest_route=%2Fwp%2Fv2%2Fmedia&parent=1471"}],"curies":[{"name":"wp","href":"https:\/\/api.w.org\/{rel}","templated":true}]}}